h + 10304. Calculate c(-123).
710
Let s(x) = -23*x**2 + 6978*x - 43660. Determine s(297).
-1
Let d(n) = -58321*n + 6881887. Determine d(118).
9
Let b(k) = k**3 - 191*k**2 - 23818*k + 346. Determine b(-86).
2
Let i(a) = -36341*a - 254404. Calculate i(-7).
-17
Let z(y) = -873*y - 3330. Calculate z(-4).
162
Let m(c) = c**3 + 22*c**2 - 124*c + 1230. Give m(-28).
-2
Let i(f) = -f**3 - 8*f**2 + 836*f + 8822. What is i(-11)?
-11
Let z(y) = 100*y**2 + 1536*y + 4032. Determine z(-12).
0
Let i(l) = 341*l - 7901. Give i(27).
1306
Let s(l) = 3404*l + 180390. Calculate s(-53).
-22
Let o(s) = -286*s - 1612. Give o(-4).
-468
Let f(a) = -a**2 + 698*a + 771230. Determine f(-596).
6
Let z(n) = 2*n**3 - 134*n**2 + 20*n + 294. What is z(67)?
1634
Let k(o) = -15446*o + 30842. What is k(2)?
-50
Let g(q) = -1990*q + 320418. Give g(161).
28
Let h(m) = -m**2 - 163*m + 10630. Give h(51).
-284
Let z(f) = 167078*f + 2171960. Give z(-13).
-54
Let f(o) = -959*o + 229. Calculate f(1).
-730
Let z(x) = -6*x**3 + 218*x**2 + 2013*x + 503. Determine z(44).
19
Let a(f) = -f**3 - 101*f**2 - 1702*f - 2059. What is a(-80)?
-299
Let v(z) = 169*z**3 + 2*z**2 - 237*z + 1. Determine v(0).
1
Let g(c) = -c**3 - 5229*c**2 - 427118*c + 24. Give g(-83).
24
Let x(v) = -73*v - 4290. Determine x(-49).
-713
Let k(m) = 127590*m - 2169023. Give k(17).
7
Let m(v) = 572*v - 25346. Calculate m(42).
-1322
Let r(o) = 4*o**3 - 23*o**2 + 281*o - 1614. Give r(7).
598
Let j(g) = 4484*g - 659483. Determine j(147).
-335
Let f(x) = -5*x**2 - 57*x + 13. Give f(-4).
161
Let h(z) = 4*z**3 - 6702*z**2 + 2987*z + 608030. What is h(1675)?
5
Let o(x) = x**2 - 52*x + 18. Calculate o(13).
-489
Let p(t) = -1396*t + 71248. What is p(51)?
52
Let o(t) = 88*t**3 - 3432*t**2 + 11*t - 344. What is o(39)?
85
Let n(d) = -2*d**3 + 9*d**2 - 9367*d + 28063. Calculate n(3).
-11
Let m(y) = 232*y + 2610. Calculate m(-11).
58
Let v(u) = u**3 + 8*u**2 + 8*u - 29. Determine v(-4).
3
Let q(z) = 6812*z + 53795. Give q(-8).
-701
Let n(l) = -l**3 + 22*l**2 + 35*l - 179. Give n(23).
97
Let g(m) = -4*m**3 - 11*m**2 + 266*m + 119. Calculate g(-9).
-250
Let u(t) = 544*t + 32680. Calculate u(-60).
40
Let i(y) = y**3 + 583*y**2 + 62933*y + 5717. What is i(-440)?
-3
Let f(t) = 2*t**3 + 10*t**2 + 618*t + 1799. Determine f(-3).
-19
Let p(h) = -2*h**3 + 27*h**2 + 229*h - 2772. Give p(15).
-12
Let k(g) = -17161*g + 4581982. Give k(267).
-5
Let p(z) = -8*z**2 + 4508*z - 84860. Calculate p(544).
4
Let g(t) = 393976*t + 2363852. Calculate g(-6).
-4
Let o(h) = 7*h**2 - 5*h + 37. What is o(9)?
559
Let v(n) = 57*n**2 - 724*n + 504. Calculate v(12).
24
Let g(k) = -k**2 - 3393*k - 1522073. What is g(-532)?
-21
Let x(c) = c**3 + 266*c**2 + 6836*c - 8799. What is x(-237)?
-30
Let a(c) = -4*c**3 - 46*c**2 + 4704*c + 56154. Calculate a(-12).
-6
Let v(b) = 4*b**2 - 215*b + 2551. Give v(33).
-188
Let g(t) = 7*t**3 - 725*t**2 + 3436*t + 75. Give g(5).
5
Let z(y) = 164145*y - 14116474. Give z(86).
-4
Let c(h) = 2*h**2 + 370*h - 13388. Calculate c(-216).
4
Let q(l) = 132071*l + 10961911. Give q(-83).
18
Let z(u) = 7847*u - 258964. Determine z(33).
-13
Let u(l) = -l**2 + 5563*l - 55532. What is u(10)?
-2
Let q(d) = -d**2 + 5390*d - 139409. Determine q(26).
55
Let o(t) = 13842*t - 1633354. Give o(118).
2
Let j(y) = 285*y**2 + 30*y - 51. Calculate j(-4).
4389
Let z(d) = -71*d**2 - 537*d - 31. Calculate z(-8).
-279
Let c(n) = 2*n**3 - 48*n**2 + 357*n - 1302. Calculate c(15).
3
Let u(y) = -y**3 + 3*y**2 + 6249*y - 37365. Give u(6).
21
Let q(i) = 283*i**2 + 11889*i + 110. What is q(-42)?
-16
Let q(t) = -4*t**3 - 204*t**2 - 797*t + 5666. Calculate q(-46).
8
Let f(z) = z**3 - 98*z**2 + 1929*z - 180. What is f(27)?
144
Let j(v) = 438*v - 2804. Calculate j(6).
-176
Let x(q) = -q**2 - 41092*q + 246575. Calculate x(6).
-13
Let v(w) = 7*w**3 - 63*w**2 - 26*w + 195. Give v(9).
-39
Let l(a) = 38*a**2 - 1251*a - 181. Calculate l(33).
-82
Let z(c) = 18541*c + 222511. Calculate z(-12).
19
Let w(s) = 72*s**2 + 16050*s - 1310. What is w(-223)?
28
Let v(y) = -32*y**3 - 1555*y**2 - 919*y + 118. Calculate v(-48).
454
Let s(u) = -10*u**2 + 2699*u + 44. Give s(0).
44
Let j(b) = 626*b + 26148. What is j(-40)?
1108
Let x(l) = -2*l**2 - 3954*l + 79993. What is x(20)?
113
Let b(z) = 11546*z - 46241. Give b(4).
-57
Let v(s) = 281*s**2 - 3646*s + 14. What is v(13)?
105
Let l(b) = -b**3 + 15*b**2 - 173*b + 2904. Determine l(16).
-120
Let h(u) = -5*u**3 + 61*u**2 - 106*u + 532. Give h(13).
-1522
Let m(y) = -3*y**3 + 137*y**2 + 1729*y + 30. What is m(56)?
-362
Let w(r) = -47*r**2 + r + 46. Give w(0).
46
Let n(i) = -3*i**2 + 414*i - 6903. What is n(71)?
7368
Let h(r) = -r**3 + 17*r**2 + 31*r + 25. Give h(15).
940
Let v(x) = -4*x**3 + 1601*x**2 + 105795*x + 1448. What is v(458)?
74
Let o(u) = -3127*u - 19752. What is o(-7)?
2137
Let w(s) = -s**2 + 24215*s + 218017. Determine w(-9).
1
Let z(o) = 4125*o - 8224. Give z(2).
26
Let y(d) = -2634*d + 31626. Calculate y(12).
18
Let i(a) = -5*a**3 - 48*a**2 + 29*a + 740. Give i(-8).
-4
Let t(u) = u**3 - 16*u**2 - 75*u + 670. Calculate t(17).
-316
Let d(f) = -23001*f + 3243140. Determine d(141).
-1
Let j(y) = 706*y + 13237. Give j(-18).
529
Let x(v) = 4*v**3 - 6*v**2 - 898*v - 1787. Calculate x(-2).
-47
Let l(j) = -696*j**2 - 375*j + 751. Calculate l(2).
-2783
Let r(k) = 11*k**3 + 53*k**2 + 23*k + 54. Give r(-5).
-111
Let u(w) = w**3 - 35*w**2 + 229*w - 5405. What is u(33)?
-26
Let a(j) = -174*j**2 - 189*j + 1. Calculate a(-2).
-317
Let a(l) = 170*l + 4013. What is a(-22)?
273
Let z(j) = -45*j**2 + 681*j - 1962. Determine z(11).
84
Let m(z) = -123*z + 2781. What is m(25)?
-294
Let c(v) = -3630*v - 83472. What is c(-23)?
18
Let a(i) = 18*i**2 + 3640*i - 22032. What is a(6)?
456
Let q(p) = -610*p - 805. What is q(-4)?
1635
Let r(v) = 3*v**3 + 22*v**2 + 883*v + 5048. Calculate r(-6).
-106
Let h(n) = -2490*n - 87850. Calculate h(-35).
-700
Let o(g) = -793*g - 3138. What is o(-4)?
34
Let m(w) = 7*w**3 + 466*w**2 - 2200*w + 134. Determine m(-71).
63
Let q(p) = 139*p**3 - 5*p**2 - 25*p - 32. Give q(-2).
-1114
Let g(d) = -70431*d + 140846. What is g(2)?
-16
Let i(q) = 2*q**3 + 110*q**2 - 8704*q - 357. Determine i(44).
-5
Let t(s) = 4*s**2 - 430*s - 6635. Give t(123).
991
Let u(x) = 814*x + 257223. Give u(-316).
-1
Let q(j) = 2*j**3 + 48*j**2 + 62*j + 925. Give q(-21).
2269
Let c(m) = -m**3 - 4*m**2 - 3283*m - 16467. Calculate c(-5).
-27
Let o(p) = -20022*p - 6126654. Determine o(-306).
78
Let w(l) = 45783*l + 8332507. Calculate w(-182).
1
Let p(q) = -q**3 - 92*q**2 + 116*q - 6932. What is p(-94)?
-164
Let u(f) = f**3 - 20*f**2 + 75*f - 160. What is u(11)?
-424
Let l(u) = u**3 - 41*u**2 - 241*u + 609. What is l(46)?
103
Let v(a) = -2*a**3 - 50*a**2 + 476*a + 10881. What is v(-26)?
-143
Let t(r) = -1828*r**2 + 1689077*r - 4620. Give t(924).
0
Let y(z) = -2*z**3 - 67*z**2 - 64*z + 1060. Give y(-32).
36
Let f(z) = -z**3 + 15*z**2 - 95*z + 303. What is f(8)?
-9
Let u(n) = n**3 - 218*n**2 - 4474*n - 6917. Calculate u(237).
-44
Let p(o) = o**3 - 367*o**2 - 4908*o - 12102. Determine p(380).
58
Let j(w) = -w**2 - 273*w + 12536. Determine j(40).
16
Let o(y) = 5*y**3 + 5*y**2 - 38*y - 257. What is o(-6)?
-929
Let r(j) = 2*j**3 + 2192*j**2 + 34546*j - 15106. Determine r(-1080).
14
Let a(c) = -1039*c + 865. What is a(1)?
-174
Let p(d) = d**3 + 19*d**2 + 86*d + 79. Give p(-11).
101
Let l(o) = 12*o**2 + 291*o + 202. Give l(-24).
130
Let z(d) = -3*d**3 - 73*d**2 + 44*d + 1445. What is z(-24)?
-187
Let a(i) = 1030*i - 15432. Give a(15).
18
Let f(k) = 5*k - 1296. Determine f(257).
-11
Let g(b) = 13*b**2 + 20206*b + 619857. What is g(-1523)?
-4
Let g(y) = -15*y**3 + 663*y**2 + 4351*y - 57. Give g(50).
-7
Let n(l) = 10648*l - 22052. Calculate n(2).
-756
Let t(i) = -2405*i - 64813. Calculate t(-27).
122
Let r(u) = -u**3 - 25*u**2 - 86*u + 51. Give r(-24).
1539
Let r(s) = s**3 - 95*s**2 + 1079*s + 347. Give r(13).
516
Let u(p) = -18*p**3 - 121*p**2 + 241*p - 7. What is u(2)?
-153
Let s(l) = -2*l**3 - 129*l**2 - 2021*l + 479. Determine s(-37).
-39
Let y(n) = n**2 + 93583*n - 3182973. What is y(34)?
5
Let n(j) = -5*j**3 - 1394*j**2 + 14738*j - 278. Give n(-289).
11
Let g(a) = a**3 + 461*a**2 - 1536*a + 455. Determine g(3).
23
Let v(n) = 3908*n - 105573. Determine v(27).
-57
Let j(c) = -26